{"id":1822,"date":"2016-11-17T09:05:40","date_gmt":"2016-11-17T14:05:40","guid":{"rendered":"https:\/\/desarrollo.allxposible.com\/global-seguros\/?page_id=1822"},"modified":"2016-11-17T11:40:28","modified_gmt":"2016-11-17T16:40:28","slug":"todos-los-derechos-reservados","status":"publish","type":"page","link":"https:\/\/desarrollo.allxposible.com\/global-seguros\/todos-los-derechos-reservados\/","title":{"rendered":"Todos los derechos reservados"},"content":{"rendered":"<p>&nbsp;<\/p>\n<p style=\"text-align: justify;\">Todas las im\u00e1genes, logos, textos, marcas, lemas, ense\u00f1as, emblemas, signos distintivos, videos, y en general toda la informaci\u00f3n publicada por este medio y respecto de la tenga licencia, son de propiedad exclusiva de <strong>GLOBAL SEGUROS DE VIDA S.A.<\/strong> y est\u00e1n protegidos por la normatividad legal vigente. <strong>GLOBAL SEGUROS DE VIDA S.A.<\/strong> se reserva todos los derechos de propiedad intelectual e industrial respecto de las publicaciones que realice, y podr\u00e1 adoptar las medidas necesarias para prevenir el abuso de los derechos.<\/p>\n<p>&nbsp;<\/p>\n<p style=\"text-align: justify;\">La informaci\u00f3n conocida, divulgada y publicada por este medio no concede al usuario ni expresa ni impl\u00edcitamente, autorizaci\u00f3n, permiso, transferencia, o licencia de uso de marcas comerciales, lemas, ense\u00f1as, patentes, derechos de autor o derechos de propiedad intelectual.<\/p>\n<p>&nbsp;<\/p>\n<p style=\"text-align: justify;\">Respecto de la informaci\u00f3n suministrada en la p\u00e1gina web de Global Seguros de vida S.A. el usuario se obliga a:<\/p>\n<p>&nbsp;<\/p>\n<ul>\n<li style=\"text-align: justify;\">No usar la p\u00e1gina con fines il\u00edcitos o para realizar cualquier instalaci\u00f3n, uso, copia, reproducci\u00f3n, acceso o distribuci\u00f3n no autorizada de informaci\u00f3n que sea proporcionada por Global Seguros de Vida S.A.<\/li>\n<li style=\"text-align: justify;\">No modificar, controlar, distorsionar, sustraer, extraviar, ocultar, interceptar o retirar los avisos sobre derechos de autor, marcas comerciales y otros avisos sobre derechos de propiedad industrial que aparezcan en la misma.<\/li>\n<li style=\"text-align: justify;\">No participar de forma directa ni indirecta en la distribuci\u00f3n o transferencia de informaci\u00f3n a trav\u00e9s de un software falsificado, pirateado o ilegal.<\/li>\n<li style=\"text-align: justify;\">No utilizar la informaci\u00f3n publicada para comercializar productos u ofrecer servicios id\u00e9nticos o similares.<\/li>\n<li style=\"text-align: justify;\">No incorporar virus u otros elementos que puedan da\u00f1ar o impedir el funcionamiento de la red.<\/li>\n<\/ul>\n","protected":false},"excerpt":{"rendered":"<p>&nbsp; Todas las im\u00e1genes, logos, textos, marcas, lemas, ense\u00f1as, emblemas, signos distintivos, videos, y en general toda la informaci\u00f3n publicada por este medio y respecto de la tenga licencia, son de propiedad exclusiva de GLOBAL SEGUROS DE VIDA S.A. y est\u00e1n protegidos por la normatividad legal vigente. GLOBAL SEGUROS DE VIDA S.A. se reserva todos [&hellip;]<\/p>\n","protected":false},"author":2,"featured_media":0,"parent":0,"menu_order":0,"comment_status":"closed","ping_status":"closed","template":"","meta":{"_acf_changed":false,"footnotes":""},"acf":[],"yoast_head":"<!-- This site is optimized with the Yoast SEO plugin v22.8 - https:\/\/yoast.com\/wordpress\/plugins\/seo\/ -->\n<title>Todos los derechos reservados - Global Seguros<\/title>\n<meta name=\"robots\" content=\"index, follow, max-snippet:-1, max-image-preview:large, max-video-preview:-1\" \/>\n<link rel=\"canonical\" href=\"https:\/\/desarrollo.allxposible.com\/global-seguros\/todos-los-derechos-reservados\/\" \/>\n<meta property=\"og:locale\" content=\"es_ES\" \/>\n<meta property=\"og:type\" content=\"article\" \/>\n<meta property=\"og:title\" content=\"Todos los derechos reservados - Global Seguros\" \/>\n<meta property=\"og:description\" content=\"&nbsp; Todas las im\u00e1genes, logos, textos, marcas, lemas, ense\u00f1as, emblemas, signos distintivos, videos, y en general toda la informaci\u00f3n publicada por este medio y respecto de la tenga licencia, son de propiedad exclusiva de GLOBAL SEGUROS DE VIDA S.A. y est\u00e1n protegidos por la normatividad legal vigente. GLOBAL SEGUROS DE VIDA S.A. se reserva todos [&hellip;]\" \/>\n<meta property=\"og:url\" content=\"https:\/\/desarrollo.allxposible.com\/global-seguros\/todos-los-derechos-reservados\/\" \/>\n<meta property=\"og:site_name\" content=\"Global Seguros\" \/>\n<meta property=\"article:publisher\" content=\"https:\/\/www.facebook.com\/GlobalSegurosCol\/\" \/>\n<meta property=\"article:modified_time\" content=\"2016-11-17T16:40:28+00:00\" \/>\n<meta property=\"og:image\" content=\"https:\/\/desarrollo.allxposible.com\/global-seguros\/wp-content\/uploads\/2020\/05\/Banner-Web-Apertura-Mobile-1.jpg\" \/>\n\t<meta property=\"og:image:width\" content=\"800\" \/>\n\t<meta property=\"og:image:height\" content=\"600\" \/>\n\t<meta property=\"og:image:type\" content=\"image\/jpeg\" \/>\n<meta name=\"twitter:card\" content=\"summary_large_image\" \/>\n<meta name=\"twitter:label1\" content=\"Tiempo de lectura\" \/>\n\t<meta name=\"twitter:data1\" content=\"1 minuto\" \/>\n<script type=\"application\/ld+json\" class=\"yoast-schema-graph\">{\"@context\":\"https:\/\/schema.org\",\"@graph\":[{\"@type\":\"WebPage\",\"@id\":\"https:\/\/desarrollo.allxposible.com\/global-seguros\/todos-los-derechos-reservados\/\",\"url\":\"https:\/\/desarrollo.allxposible.com\/global-seguros\/todos-los-derechos-reservados\/\",\"name\":\"Todos los derechos reservados - Global Seguros\",\"isPartOf\":{\"@id\":\"https:\/\/desarrollo.allxposible.com\/global-seguros\/#website\"},\"datePublished\":\"2016-11-17T14:05:40+00:00\",\"dateModified\":\"2016-11-17T16:40:28+00:00\",\"breadcrumb\":{\"@id\":\"https:\/\/desarrollo.allxposible.com\/global-seguros\/todos-los-derechos-reservados\/#breadcrumb\"},\"inLanguage\":\"es\",\"potentialAction\":[{\"@type\":\"ReadAction\",\"target\":[\"https:\/\/desarrollo.allxposible.com\/global-seguros\/todos-los-derechos-reservados\/\"]}]},{\"@type\":\"BreadcrumbList\",\"@id\":\"https:\/\/desarrollo.allxposible.com\/global-seguros\/todos-los-derechos-reservados\/#breadcrumb\",\"itemListElement\":[{\"@type\":\"ListItem\",\"position\":1,\"name\":\"Inicio\",\"item\":\"https:\/\/desarrollo.allxposible.com\/global-seguros\/\"},{\"@type\":\"ListItem\",\"position\":2,\"name\":\"Todos los derechos reservados\"}]},{\"@type\":\"WebSite\",\"@id\":\"https:\/\/desarrollo.allxposible.com\/global-seguros\/#website\",\"url\":\"https:\/\/desarrollo.allxposible.com\/global-seguros\/\",\"name\":\"Global Seguros\",\"description\":\"\",\"publisher\":{\"@id\":\"https:\/\/desarrollo.allxposible.com\/global-seguros\/#organization\"},\"potentialAction\":[{\"@type\":\"SearchAction\",\"target\":{\"@type\":\"EntryPoint\",\"urlTemplate\":\"https:\/\/desarrollo.allxposible.com\/global-seguros\/?s={search_term_string}\"},\"query-input\":\"required name=search_term_string\"}],\"inLanguage\":\"es\"},{\"@type\":\"Organization\",\"@id\":\"https:\/\/desarrollo.allxposible.com\/global-seguros\/#organization\",\"name\":\"Global Seguros\",\"url\":\"https:\/\/desarrollo.allxposible.com\/global-seguros\/\",\"logo\":{\"@type\":\"ImageObject\",\"inLanguage\":\"es\",\"@id\":\"https:\/\/desarrollo.allxposible.com\/global-seguros\/#\/schema\/logo\/image\/\",\"url\":\"https:\/\/desarrollo.allxposible.com\/global-seguros\/wp-content\/uploads\/2016\/09\/Historia_Global_Seguros.jpg\",\"contentUrl\":\"https:\/\/desarrollo.allxposible.com\/global-seguros\/wp-content\/uploads\/2016\/09\/Historia_Global_Seguros.jpg\",\"width\":605,\"height\":365,\"caption\":\"Global Seguros\"},\"image\":{\"@id\":\"https:\/\/desarrollo.allxposible.com\/global-seguros\/#\/schema\/logo\/image\/\"},\"sameAs\":[\"https:\/\/www.facebook.com\/GlobalSegurosCol\/\",\"https:\/\/www.instagram.com\/globalseguroscol\/?hl=es\",\"https:\/\/www.youtube.com\/channel\/UC_VckVUTUVXkgc0RiPlRAjQ\"]}]}<\/script>\n<!-- \/ Yoast SEO plugin. -->","yoast_head_json":{"title":"Todos los derechos reservados - Global Seguros","robots":{"index":"index","follow":"follow","max-snippet":"max-snippet:-1","max-image-preview":"max-image-preview:large","max-video-preview":"max-video-preview:-1"},"canonical":"https:\/\/desarrollo.allxposible.com\/global-seguros\/todos-los-derechos-reservados\/","og_locale":"es_ES","og_type":"article","og_title":"Todos los derechos reservados - Global Seguros","og_description":"&nbsp; Todas las im\u00e1genes, logos, textos, marcas, lemas, ense\u00f1as, emblemas, signos distintivos, videos, y en general toda la informaci\u00f3n publicada por este medio y respecto de la tenga licencia, son de propiedad exclusiva de GLOBAL SEGUROS DE VIDA S.A. y est\u00e1n protegidos por la normatividad legal vigente. GLOBAL SEGUROS DE VIDA S.A. se reserva todos [&hellip;]","og_url":"https:\/\/desarrollo.allxposible.com\/global-seguros\/todos-los-derechos-reservados\/","og_site_name":"Global Seguros","article_publisher":"https:\/\/www.facebook.com\/GlobalSegurosCol\/","article_modified_time":"2016-11-17T16:40:28+00:00","og_image":[{"width":800,"height":600,"url":"https:\/\/desarrollo.allxposible.com\/global-seguros\/wp-content\/uploads\/2020\/05\/Banner-Web-Apertura-Mobile-1.jpg","type":"image\/jpeg"}],"twitter_card":"summary_large_image","twitter_misc":{"Tiempo de lectura":"1 minuto"},"schema":{"@context":"https:\/\/schema.org","@graph":[{"@type":"WebPage","@id":"https:\/\/desarrollo.allxposible.com\/global-seguros\/todos-los-derechos-reservados\/","url":"https:\/\/desarrollo.allxposible.com\/global-seguros\/todos-los-derechos-reservados\/","name":"Todos los derechos reservados - Global Seguros","isPartOf":{"@id":"https:\/\/desarrollo.allxposible.com\/global-seguros\/#website"},"datePublished":"2016-11-17T14:05:40+00:00","dateModified":"2016-11-17T16:40:28+00:00","breadcrumb":{"@id":"https:\/\/desarrollo.allxposible.com\/global-seguros\/todos-los-derechos-reservados\/#breadcrumb"},"inLanguage":"es","potentialAction":[{"@type":"ReadAction","target":["https:\/\/desarrollo.allxposible.com\/global-seguros\/todos-los-derechos-reservados\/"]}]},{"@type":"BreadcrumbList","@id":"https:\/\/desarrollo.allxposible.com\/global-seguros\/todos-los-derechos-reservados\/#breadcrumb","itemListElement":[{"@type":"ListItem","position":1,"name":"Inicio","item":"https:\/\/desarrollo.allxposible.com\/global-seguros\/"},{"@type":"ListItem","position":2,"name":"Todos los derechos reservados"}]},{"@type":"WebSite","@id":"https:\/\/desarrollo.allxposible.com\/global-seguros\/#website","url":"https:\/\/desarrollo.allxposible.com\/global-seguros\/","name":"Global Seguros","description":"","publisher":{"@id":"https:\/\/desarrollo.allxposible.com\/global-seguros\/#organization"},"potentialAction":[{"@type":"SearchAction","target":{"@type":"EntryPoint","urlTemplate":"https:\/\/desarrollo.allxposible.com\/global-seguros\/?s={search_term_string}"},"query-input":"required name=search_term_string"}],"inLanguage":"es"},{"@type":"Organization","@id":"https:\/\/desarrollo.allxposible.com\/global-seguros\/#organization","name":"Global Seguros","url":"https:\/\/desarrollo.allxposible.com\/global-seguros\/","logo":{"@type":"ImageObject","inLanguage":"es","@id":"https:\/\/desarrollo.allxposible.com\/global-seguros\/#\/schema\/logo\/image\/","url":"https:\/\/desarrollo.allxposible.com\/global-seguros\/wp-content\/uploads\/2016\/09\/Historia_Global_Seguros.jpg","contentUrl":"https:\/\/desarrollo.allxposible.com\/global-seguros\/wp-content\/uploads\/2016\/09\/Historia_Global_Seguros.jpg","width":605,"height":365,"caption":"Global Seguros"},"image":{"@id":"https:\/\/desarrollo.allxposible.com\/global-seguros\/#\/schema\/logo\/image\/"},"sameAs":["https:\/\/www.facebook.com\/GlobalSegurosCol\/","https:\/\/www.instagram.com\/globalseguroscol\/?hl=es","https:\/\/www.youtube.com\/channel\/UC_VckVUTUVXkgc0RiPlRAjQ"]}]}},"_links":{"self":[{"href":"https:\/\/desarrollo.allxposible.com\/global-seguros\/wp-json\/wp\/v2\/pages\/1822"}],"collection":[{"href":"https:\/\/desarrollo.allxposible.com\/global-seguros\/wp-json\/wp\/v2\/pages"}],"about":[{"href":"https:\/\/desarrollo.allxposible.com\/global-seguros\/wp-json\/wp\/v2\/types\/page"}],"author":[{"embeddable":true,"href":"https:\/\/desarrollo.allxposible.com\/global-seguros\/wp-json\/wp\/v2\/users\/2"}],"replies":[{"embeddable":true,"href":"https:\/\/desarrollo.allxposible.com\/global-seguros\/wp-json\/wp\/v2\/comments?post=1822"}],"version-history":[{"count":7,"href":"https:\/\/desarrollo.allxposible.com\/global-seguros\/wp-json\/wp\/v2\/pages\/1822\/revisions"}],"predecessor-version":[{"id":1835,"href":"https:\/\/desarrollo.allxposible.com\/global-seguros\/wp-json\/wp\/v2\/pages\/1822\/revisions\/1835"}],"wp:attachment":[{"href":"https:\/\/desarrollo.allxposible.com\/global-seguros\/wp-json\/wp\/v2\/media?parent=1822"}],"curies":[{"name":"wp","href":"https:\/\/api.w.org\/{rel}","templated":true}]}}